-10*c = 1274 - 15004. What are the prime factors of c?
1373
Suppose -15*m - 35*m = -125050. What are the prime factors of m?
41, 61
Suppose -2*t = -3*m - 2*m - 2, 5 = 3*m + 5*t. Let i be (m + -1)*(2 + 3). Let a(u) = -u**2 - 9*u - 6. List the prime factors of a(i).
2, 7
Suppose -6007 = -9*o + 2777. What are the prime factors of o?
2, 61
Let l(t) = -t**2 - 14*t - 1. Let g be l(-14). Let u(x) = -208*x**3 - 2*x**2 + 1. What are the prime factors of u(g)?
3, 23
Let j(d) be the second derivative of -d**5/20 + d**4/2 - d**3 + 3*d**2/2 + 63*d. Suppose -7 = -2*h + 1. List the prime factors of j(h).
11
What are the prime factors of (240/70)/((-4)/(-938))?
2, 3, 67
Let p(q) = -4 - q + 0 + 1 - q. Let f be p(-2). What are the prime factors of (f - -26)*4/6?
2, 3
Let f(l) = -l**3 + 1. Let h be f(-2). Let r(m) = -6*m + 11. Let u(i) = 11*i - 22. Let b(d) = 7*r(d) + 4*u(d). What are the prime factors of b(h)?
7
Let n = 31 - 24. Suppose 2*x - n - 63 = 0. List the prime factors of x.
5, 7
Let k(l) = -l**2 - 10*l - 9. Let o be k(-9). Suppose o = c + 3*c. Suppose 7*i - 8*i + 18 = c. List the prime factors of i.
2, 3
Suppose -2*f + 22 = -0*d + 2*d, 5*d - 25 = -3*f. Let a(k) = 4*k**3 - 5*k**2 + 3*k - 5. Let i be a(2). Suppose -i = -4*n + f. What are the prime factors of n?
7
Let h(c) = -c**3 - 12*c**2 + 13*c + 2. Let k be h(-13). Suppose k*n + n + 9 = 0. List the prime factors of 2/n + (-2055)/(-45).
3, 5
Suppose 22*c - 35 = 17*c. What are the prime factors of (c - 9) + 58/2?
3
Suppose 46*v = 47*v - 8. Suppose 4*z - v*z + 128 = 0. List the prime factors of z.
2
Let g be 23 + -22 + 6/2. Suppose -g*o + 916 = 5*c, 2*c - 98 = 4*o + 274. List the prime factors of c.
2, 23
Let j be (40/7)/((-44)/(-154)). Suppose 0 = -5*w - j + 75. What are the prime factors of w?
11
Suppose 3*q = -2*a - 103, 135 = -4*q + 25*a - 30*a. Suppose 0*j + 326 = 5*j - 4*z, -5*z = -3*j + 193. Let p = j + q. What are the prime factors of p?
31
Let z be 9 + (4/(-1))/(-2). Suppose 0 = -7*o + 172 - z. What are the prime factors of o?
23
Let s = -19 - -15. Let m be (6/(-4))/(2/s). Suppose 4*j = -3*n + 22, 3*n + j = m*j - 2. What are the prime factors of n?
2
Let k(w) = 6*w**2 + 6*w - 105. Let u(t) = -t**2 - t + 21. Let c(q) = 2*k(q) + 11*u(q). What are the prime factors of c(0)?
3, 7
Let w be ((-15)/(-6))/((-2)/(-4)). Suppose w*d + 321 = 891. Let r = -72 + d. What are the prime factors of r?
2, 3, 7
Suppose 3*c = 29*y - 31*y + 2429, -3*y = 3*c - 3645. List the prime factors of y.
2, 19
Suppose 22*r - 9012 = 18*r. List the prime factors of r.
3, 751
Let m(o) = -o**2 - 4*o - 3. Let t be m(-3). Suppose t = -w + 5*x + 50, -4*w + 151 = 2*x - 137. Suppose -w = -2*k + 10. What are the prime factors of k?
2, 5
Let o = 28 + -23. Suppose -o*z - p = p - 74, -p = -z + 19. List the prime factors of 24/z*116/3.
2, 29
Suppose 0*s - 3 = s. Let m be (s + -2)*(-2)/(-2). List the prime factors of 315/25 - 2/m.
13
Let c(y) = -y + 4. Let f be c(2). Let v(d) = -d**2 + 9*d + 14. Let z be v(10). Suppose -f*b + 10 + z = 0. List the prime factors of b.
7
Let y = -387 - -1464. What are the prime factors of y?
3, 359
Suppose 5*l - 184 = -54. Suppose -l = -2*c + 2*x, 5*x + 1 = c + 8. What are the prime factors of c?
2, 3
Let t be 24/18*(-981)/(-6). Let s = t - 71. Suppose -36 = -3*g + s. List the prime factors of g.
61
Suppose 3*z = -2*r + 684, -12 = 3*z - 0*z. Suppose -1170 + r = -6*j. List the prime factors of j.
137
Suppose y - 5*j - 23 = 0, -2*y + y + j + 3 = 0. List the prime factors of (4 - -46 - 3) + y.
3, 5
Suppose 0*p + 3 = p. Let i be (p + 11/(-3))*-3. Suppose -i*l + 9 = l. List the prime factors of l.
3
Suppose 0 = i - 3*x - 96, 5*i - 327 - 207 = -3*x. What are the prime factors of i?
3, 5, 7
Suppose -4*j + 1912 = 2*f, -5*j + 242 = -f + 1219. List the prime factors of f.
2, 13, 37
Let h(g) = g**2 - 8*g - 4. Suppose -3 = -2*y + 6*l - l, -4*y = 3*l - 45. Let i be h(y). Suppose 3*a = -7 - 2, 67 = i*p + a. List the prime factors of p.
2, 7
Let w(u) = -2*u**3 + 3*u**2 - u + 4. Let i(b) = b**3 - 2*b**3 + 3 + 4*b**2 + 6*b - 7*b. Let t(x) = 3*i(x) - 2*w(x). List the prime factors of t(-6).
7
Let u be (-9)/6*4/(-3). Let d be (-2)/(-3)*9*1. List the prime factors of u/(-3)*(-153)/d.
17
Let q be (-3)/(-2) + 3/6. Suppose p - 4*m = 5*p - 12, -4 = q*m. Suppose 60 = p*j - j - 2*x, 4*x + 8 = j. What are the prime factors of j?
2
Suppose -3*o = -2*v - 8 - 1, v + o - 8 = 0. Suppose v*p = -p + 92. Suppose 2*x - p = -3*b, 33 = 4*b + 7*x - 2*x. List the prime factors of b.
7
Suppose -3*h + 4377 = 4*f, -2211 = -2*f - 26*h + 29*h. List the prime factors of f.
2, 3, 61
Let m(w) = -522*w + 197. What are the prime factors of m(-8)?
4373
Let k(r) = 19 - 19*r**2 + 21*r**2 + 14*r + 6. What are the prime factors of k(-7)?
5
Let s = 334 + 411. List the prime factors of s.
5, 149
Suppose 4*n + 672 = -2*n. Let o = -72 - n. What are the prime factors of o?
2, 5
Suppose -5*j - 21 = -s, 5*s - 2*j - 27 = -3*j. Let b be (1 - 1) + s + -3. Suppose b*r - 3*f = -33 + 123, -2*f - 126 = -4*r. What are the prime factors of r?
3, 11
Suppose 8*j + 3*j - 6171 = 0. Let v = j - 395. What are the prime factors of v?
2, 83
Let k = 93 - 47. Let c = -28 + k. Let h = 48 + c. What are the prime factors of h?
2, 3, 11
Suppose 14 = -5*y + 34. Suppose -y*w + 83 = -429. What are the prime factors of w?
2
Let c = -4 + 12. Let v = c - -9. Suppose 3*y = v + 16. List the prime factors of y.
11
Suppose 5*o = 3*o - 3*f + 53, -3*f - 57 = -3*o. Let m = -42 + o. What are the prime factors of ((-75)/m)/((-6)/(-80))?
2, 5
Suppose -o - 70 = -5*y, 3*y - 2*o - 56 = -y. Let t = -13 + y. Let m(c) = 34*c**3 + 2*c**2 + c - 2. List the prime factors of m(t).
5, 7
Suppose 0 = 4*f - 6*f - 3*f. Let k be (-9)/(-4) + (-2)/8. What are the prime factors of 19 - (f/3 - k)?
3, 7
Let a(b) = 30 - 12*b + 10*b + 3*b - b**2. Let c = 1 + -1. What are the prime factors of a(c)?
2, 3, 5
Suppose 0 = -y + 44 + 20. Let k = 4 + y. Let z = k - 13. List the prime factors of z.
5, 11
Let l(t) = -t**3 + 9*t**2 - 5*t + 10. Suppose -5*s + 8*s - 57 = 0. Let z = s - 11. List the prime factors of l(z).
2, 17
Suppose 2*z = -3*z - 55. Let i = z + 5. Let b(f) = -f**3 - 6*f**2 - f + 1. What are the prime factors of b(i)?
7
Suppose 2894 = r + 2*c, r + 4*c = 8*c + 2900. What are the prime factors of r?
2, 181
Suppose 3*a - 8*a = 0. Suppose a = -8*s + 21*s - 1430. What are the prime factors of s?
2, 5, 11
Suppose -g + 4 = 3*z, -z + 11*g = 6*g + 20. Let h be (1 + z)/(2/122). Let n = -38 + h. List the prime factors of n.
23
Let a = 121 + -25. List the prime factors of a.
2, 3
List the prime factors of (-6)/3*1 + -1 + 60.
3, 19
Suppose 5*l + 33*m - 38*m = 370, 2*m = 3*l - 220. What are the prime factors of l?
2, 3
Let l = 12 - 40. Let b be l/49 - 38/7. What are the prime factors of (-57)/((b - 1) + 4)?
19
Suppose 4*q - 373 = -97. Suppose 15*u + q = 594. What are the prime factors of u?
5, 7
Let g = -941 - -4065. List the prime factors of g.
2, 11, 71
Let s be ((-176)/(-28) - 6) + (-30)/7. List the prime factors of 232 + (s/(-5))/((-8)/20).
2, 5, 23
Let c = 19 - 19. Suppose -w + c*w = -19. What are the prime factors of w + (-5)/(-25)*5?
2, 5
Let b be 2/(-5) + 12/5. Let f(s) = -2*s. Let n be f(b). Let z = n - -15. List the prime factors of z.
11
Let p = 18 + 0. Let w(o) = -o + 21. Let m be w(p). List the prime factors of -1*m/6*-62.
31
Let q(j) = -25 + 8 + 5 + 10 + 21*j. List the prime factors of q(3).
61
Let n be (-55)/10 + 2/8*-2. List the prime factors of n*(1 - (-10)/(-5)).
2, 3
Let o(w) = -4*w - 7. Let n(v) = -v. Let a(k) = -10*n(k) + 2*o(k). Let x be a(8). Suppose x*b = -2 + 6. List the prime factors of b.
2
Suppose -j + 30 = -4*j. Let t(z) = z**2 + 8*z - 7. Let f be t(j). Let v = -3 + f. List the prime factors of v.
2, 5
Let x = 463 - -9. Let c = x + -279. Suppose 2*w + 3*k = -3*w + 199, -5*w - k + c = 0. What are the prime factors of w?
2, 19
Let g(i) = 18*i**2 + 5*i + 53. List the prime factors of g(-5).
2, 239
Let u be (-55)/(-20) + (-2)/(-8). Suppose u*q + 5 + 1 = 0. What are the prime factors of 31 - (-3 + q/(-2))?
3, 11
Let c(v) = 8*v - 2. Let k be c(-6). Let g be (k/4)/((-3)/18). Let a = g - 29. List the prime factors of a.
2, 23
What are the prime factors of 2745 - 25/(225/(-18))?
41, 67
Suppose 0 = -0*l + 4*l. Suppose 